6689 a composite number?
True
Is 29029956509 composite?
True
Is 610616441 a composite number?
False
Is 1611514693 a prime number?
False
Is 2655094933 a composite number?
True
Is 12403770853 prime?
False
Is 41569335358 a composite number?
True
Is 3536567149 composite?
False
Is 40277574103 a prime number?
False
Is 5051511319 a composite number?
True
Is 1323525941 a composite number?
True
Is 1241230289 a composite number?
True
Is 587260397 a composite number?
True
Is 1146934933 a composite number?
False
Is 4025358689 prime?
False
Is 5269858433 a composite number?
True
Is 7330118173 composite?
True
Is 354557257 composite?
True
Is 30684046229 a composite number?
False
Is 384101273 a prime number?
True
Is 18897435077 prime?
False
Is 7408490689 composite?
False
Is 18634583899 composite?
True
Is 316901311 composite?
True
Is 2341834681 a prime number?
True
Is 17475621221 prime?
True
Is 9802443218 composite?
True
Is 354532303 a composite number?
False
Is 3887640439 prime?
True
Is 1121293003 composite?
False
Is 318898766 a composite number?
True
Is 3593111633 a composite number?
False
Is 5279156807 prime?
True
Is 2026137041 composite?
True
Is 12090240391 a composite number?
True
Is 105596727307 a prime number?
True
Is 5637431609 prime?
True
Is 630990791 prime?
False
Is 11742444877 prime?
False
Is 2230608337 a composite number?
True
Is 26493423727 a composite number?
False
Is 32276213521 a prime number?
False
Is 1684271 a composite number?
True
Is 537237707 prime?
True
Is 18128037043 a prime number?
True
Is 11217975563 a prime number?
False
Is 225900661 composite?
True
Is 3762767753 a prime number?
True
Is 955329659 a composite number?
True
Is 12446255923 prime?
True
Is 16251958727 composite?
True
Is 17899717051 prime?
True
Is 563202791 prime?
True
Is 30408254234 a composite number?
True
Is 1455460871 a prime number?
False
Is 102033859 composite?
True
Is 46261681 a prime number?
True
Is 39444449071 composite?
True
Is 19785859669 a composite number?
True
Is 3910391237 a composite number?
False
Is 9358127327 a prime number?
True
Is 144264223 a prime number?
True
Is 827649338 a prime number?
False
Is 1547899159 composite?
True
Is 2492030461 a composite number?
False
Is 133023797 composite?
False
Is 968455214 prime?
False
Is 6578838287 prime?
False
Is 1213050937 prime?
False
Is 6704182219 composite?
True
Is 5813739013 a composite number?
False
Is 139059213 composite?
True
Is 11824386581 a prime number?
False
Is 973001897 prime?
False
Is 186323028271 a prime number?
True
Is 2246224751 a composite number?
True
Is 27838596811 prime?
False
Is 22368675883 a prime number?
False
Is 4980332561 a composite number?
False
Is 1506106699 a prime number?
True
Is 35717254487 a composite number?
False
Is 67770499499 a prime number?
False
Is 119138521 a prime number?
True
Is 30763320503 a composite number?
False
Is 1995590969 composite?
True
Is 2952278233 a composite number?
False
Is 2465088169 prime?
False
Is 30789698827 composite?
False
Is 2305508299 prime?
True
Is 14217753073 prime?
False
Is 40009873 prime?
True
Is 389854637 a prime number?
True
Is 4408354191 prime?
False
Is 2904232691 a composite number?
False
Is 19965813949 composite?
True
Is 17974111973 a composite number?
True
Is 1361638519 prime?
False
Is 66514407101 a prime number?
True
Is 1598520641 a composite number?
False
Is 1954777733 composite?
True
Is 347263211 composite?
True
Is 15217340887 a prime number?
False
Is 91766427821 a prime number?
True
Is 147733067 a prime number?
False
Is 127052522771 a prime number?
True
Is 1180456397 a prime number?
False
Is 3639356053 prime?
True
Is 2938354877 a composite number?
False
Is 84989616211 a prime number?
True
Is 74877305857 prime?
True
Is 22647845197 a prime number?
False
Is 611841167 composite?
True
Is 1500223979 a prime number?
True
Is 37928312741 a prime number?
False
Is 244034591 a composite number?
True
Is 469113587 a prime number?
False
Is 14153003327 a prime number?
True
Is 1184727571 prime?
True
Is 33475345 prime?
False
Is 875095267 prime?
False
Is 496724531 prime?
True
Is 228016267 composite?
True
Is 12463505371 a composite number?
True
Is 26195388883 a composite number?
False
Is 664747609 prime?
True
Is 2154005729 composite?
True
Is 92558057 a prime number?
False
Is 16717348789 a prime number?
True
Is 754466411 a prime number?
True
Is 147468646595 a prime number?
False
Is 2426949893 a composite number?
True
Is 2019445843 a prime number?
True
Is 2928585817 prime?
False
Is 22235738383 a composite number?
True
Is 907565849 a composite number?
True
Is 1846422421 a composite number?
True
Is 1838767343 a prime number?
False
Is 170044181 composite?
False
Is 461814439 a prime number?
True
Is 726934373 a composite number?
True
Is 117613969457 composite?
False
Is 395974199 a composite number?
True
Is 3858445403 a prime number?
True
Is 443811203 a prime number?
False
Is 25244429257 composite?
False
Is 65116841 prime?
False
Is 70632575417 prime?
False
Is 709431227 a prime number?
True
Is 329629273 a composite number?
True
Is 92753449989 a prime number?
False
Is 2064795631 composite?
True
Is 648736189 composite?
False
Is 280849430465 a composite number?
True
Is 611568641 prime?
False
Is 41250842917 a composite number?
False
Is 23982703 composite?
True
Is 88919436257 composite?
False
Is 1327324655 composite?
True
Is 199271693 prime?
False
Is 43451528609 composite?
True
Is 477917119 a prime number?
True
Is 4621695535 composite?
True
Is 470507981 a prime number?
False
Is 3948233761 prime?
True
Is 3486349541 prime?
False
Is 1801269563 a prime number?
False
Is 810748997 prime?
False
Is 8981846701 prime?
False
Is 1424630899 a prime number?
False
Is 85401907027 a prime number?
True
Is 2633498671 composite?
True
Is 12568784093 a prime number?
True
Is 321412703 a composite number?
False
Is 5112855589 a composite number?
True
Is 11204717591 composite?
False
Is 1595521489 composite?
False
Is 97920047 a prime number?
True
Is 23537026477 composite?
False
Is 67228696369 a composite number?
False
Is 1707489041 composite?
True
Is 13106166113 a prime number?
False
Is 1956172877 composite?
False
Is 7401251281 prime?
True
Is 8013836291 a composite number?
False
Is 72127493129 prime?
False
Is 957804511 a prime number?
True
Is 516500507 a prime number?
True
Is 265017019 composite?
False
Is 69930386041 prime?
False
Is 2044320097 composite?
False
Is 17575830323 composite?
False
Is 947668807 composite?
False
Is 32194142899 a composite number?
True
Is 1004171761 composite?
True
Is 788713117 a prime number?
False
Is 4983251107 composite?
True
Is 376059581 prime?
True
Is 344640287 a composite number?
False
Is 6886295177 a prime number?
True
Is 149871337037 a prime number?
True
Is 8535153545 a composite number?
True
Is 33922369289 composite?
True
Is 531844309 a prime number?
True
Is 7915101659 a prime number?
False
Is 2413696393 prime?
False
Is 792854189 prime?
False
Is 2116528907 a prime number?
True
Is 2381808173 a composite number?
True
Is 53960639741 a prime number?
True
Is 50626410551 a composite number?
True
Is 6122611 composite?
True
Is 7321685507 composite?
True
Is 138661612931 prime?
True
Is 13658313121 composite?
False
Is 6736892339 prime?
False
Is 732507637 a prime number?
True
Is 166024667 composite?
False
Is 196394447 a prime number?
False
Is 1257513739 prime?
True
Is 3370743191 prime?
False
Is 8347366109 a prime number?
False
Is 40831679431 prime?
True
Is 10283819059 a prime number?
False
Is 106163573 composite?
False
Is 2037087643 a prime number?
True
Is 102035201087 prime?
True
Is 7717863011 composite?
False
Is 29869849 prime?
False
Is 848255411 a composite number?
False
Is 12327865573 a composite number?
True
Is 1273521251 composite?
True
Is 4148785241 a composite number?
True
Is 11440153537 composite?
True
Is 94591667 prime?
False
Is 2108174587 a composite number?
True
Is 135762281 a composite number?
True
Is 5808922019 a prime number?
True
Is 974598419 a prime number?
True
Is 111901487 prime?
True
Is 157543864579 a prime number?
True
Is 2255583557 a prime number?
False
Is 7808001779 prime?
True
Is 32522536589 a composite number?
False
Is 151975067011 prime?
False
Is 817048363 a composite number?
True
Is 808412249 composite?
True
Is 1676463641 prime?
True
Is 92995952851 co